{"id":17,"date":"2014-02-26T13:04:18","date_gmt":"2014-02-26T12:04:18","guid":{"rendered":"http:\/\/villamayorasturias.es\/?page_id=17"},"modified":"2025-05-08T18:49:32","modified_gmt":"2025-05-08T17:49:32","slug":"comer","status":"publish","type":"page","link":"https:\/\/villamayorasturias.es\/comer\/","title":{"rendered":"Comer"},"content":{"rendered":"\n<h3 class=\"wp-block-heading\"><span style=\"color: #800000;\"><em>Villamayor cuenta con amplia oferta gastron\u00f3mica para disfrutar del placer de comer:<\/em><\/span><\/h3>\n\n\n\n<p><strong>Bar La Palmera<\/strong><br> <a href=\"https:\/\/maps.app.goo.gl\/NzTFSrAP8b5mMPhb6\">C\/ Rafael Fabi\u00e1n y Fabi\u00e1n, 5. 33583 Villamayor-Pilo\u00f1a-Asturias<\/a><br> Telf. <a href=\"tel:630766739\">630 766 739<\/a><\/p>\n\n\n\n<p><strong>Hotel-Restaurante-Sidrer\u00eda Benidorm<\/strong><br> <a href=\"https:\/\/maps.app.goo.gl\/xBzzTHhxHVzRet4HA\">C\/ Joaqu\u00edn Arena Marina, 1. 33583 Villamayor-Pilo\u00f1a-Asturias<\/a><br> Tlef.&nbsp; <a href=\"tel:985707111\">985 70 71 11<\/a> \/ <a href=\"tel:985707643\">985 70 76 43<\/a><br> Email: <a href=\"mailto:hotelbenidormasturias@hotmail.com\">hotelbenidormasturias@hotmail.com<\/a><br> Web: <a href=\"https:\/\/benidorm1970.com\/\">www.benidorm1970.com<\/a><\/p>\n\n\n\n<p><strong>Restaurante Atalaya<\/strong><br> <a href=\"https:\/\/maps.app.goo.gl\/tkhqx1V5B1JrLzcW9\">Tor\u00edn, 33583 Villamayor-Pilo\u00f1a<\/a><br> Telf. <a href=\"tel:661549149\">661 549 149<\/a><br> Web: <a href=\"http:\/\/www.restaurante-atalaya.com\/#ancla\">www.restaurante-atalaya.com<\/a><\/p>\n\n\n\n<p><strong>Restaurante del Palacete Real<\/strong><br> <a href=\"https:\/\/maps.app.goo.gl\/CxwSD2d61mofuRPw9\">C\/.M\u00e1ximino Fern\u00e1ndez San Feliz, 33583, Villamayor, Pilo\u00f1a, Asturias<\/a><br> Telf. <a href=\"tel:633211525\">633 211 525<\/a><br> Web: <a href=\"http:\/\/www.palacetereal.es\">www.palacetereal.es<\/a><\/p>\n\n\n\n<p>Y si vas a hacer la ruta del chorr\u00f3n:<\/p>\n\n\n\n<p><strong>Llar del Xaldu<\/strong><br> Consulta el horario en su Instagram: <a href=\"https:\/\/www.instagram.com\/llardelxaldu\/?hl=es\">@llardelxaldu<\/a><br>\u00c1rea Recreativa del Chorr\u00f3n<\/p>\n","protected":false},"excerpt":{"rendered":"<p>Villamayor cuenta con amplia oferta gastron\u00f3mica para disfrutar del placer de comer: Bar La Palmera C\/ Rafael Fabi\u00e1n y Fabi\u00e1n, 5. 33583 Villamayor-Pilo\u00f1a-Asturias Telf. 630 766 739 Hotel-Restaurante-Sidrer\u00eda Benidorm C\/ Joaqu\u00edn Arena Marina, 1. 33583 Villamayor-Pilo\u00f1a-Asturias Tlef.&nbsp; 985 70 71 11 \/ 985 70 76 43 Email: hotelbenidormasturias@hotmail.com Web: www.benidorm1970.com Restaurante Atalaya Tor\u00edn, 33583 Villamayor-Pilo\u00f1a [&hellip;]<\/p>\n","protected":false},"author":1,"featured_media":0,"parent":0,"menu_order":9,"comment_status":"closed","ping_status":"closed","template":"","meta":{"footnotes":""},"class_list":["post-17","page","type-page","status-publish","hentry"],"_links":{"self":[{"href":"https:\/\/villamayorasturias.es\/wp-json\/wp\/v2\/pages\/17","targetHints":{"allow":["GET"]}}],"collection":[{"href":"https:\/\/villamayorasturias.es\/wp-json\/wp\/v2\/pages"}],"about":[{"href":"https:\/\/villamayorasturias.es\/wp-json\/wp\/v2\/types\/page"}],"author":[{"embeddable":true,"href":"https:\/\/villamayorasturias.es\/wp-json\/wp\/v2\/users\/1"}],"replies":[{"embeddable":true,"href":"https:\/\/villamayorasturias.es\/wp-json\/wp\/v2\/comments?post=17"}],"version-history":[{"count":12,"href":"https:\/\/villamayorasturias.es\/wp-json\/wp\/v2\/pages\/17\/revisions"}],"predecessor-version":[{"id":894,"href":"https:\/\/villamayorasturias.es\/wp-json\/wp\/v2\/pages\/17\/revisions\/894"}],"wp:attachment":[{"href":"https:\/\/villamayorasturias.es\/wp-json\/wp\/v2\/media?parent=17"}],"curies":[{"name":"wp","href":"https:\/\/api.w.org\/{rel}","templated":true}]}}